{"id":90,"date":"2021-02-27T07:14:33","date_gmt":"2021-02-27T07:14:33","guid":{"rendered":"https:\/\/inihaus.op3n.link\/?page_id=90"},"modified":"2022-07-12T11:17:50","modified_gmt":"2022-07-12T11:17:50","slug":"impressum","status":"publish","type":"page","link":"https:\/\/inihaus.de\/index.php\/impressum\/","title":{"rendered":"Impressum"},"content":{"rendered":"\n<div class=\"wp-block-columns is-layout-flex wp-container-core-columns-is-layout-28f84493 wp-block-columns-is-layout-flex\">\n<div class=\"wp-block-column is-vertically-aligned-center is-layout-flow wp-block-column-is-layout-flow\" style=\"flex-basis:33.33%\">\n<p>Initiative e. V. Inihaus<br>Turmstra\u00dfe 14a<br>23843 Bad Oldesloe<br>E-Mail: <a href=\"mailto:info@inihaus.de\">info@inihaus.de<\/a><br>Internet: www.inihaus.de<\/p>\n<\/div>\n\n\n\n<div class=\"wp-block-column is-layout-flow wp-block-column-is-layout-flow\" style=\"flex-basis:66.66%\">\n<p>Inhaltlich Verantwortlicher gem\u00e4\u00df \u00a7 55 Abs. 2 RStV: Initiative e.V.<\/p>\n\n\n\n<p>Haftungshinweis: Trotz sorgf\u00e4ltiger inhaltlicher Kontrolle \u00fcbernehmen wir keine Haftung f\u00fcr die Inhalte externer Links. F\u00fcr den Inhalt der verlinkten Seiten sind ausschlie\u00dflich deren Betreiber verantwortlich.<\/p>\n<\/div>\n<\/div>\n","protected":false},"excerpt":{"rendered":"<p>Initiative e. V. InihausTurmstra\u00dfe 14a23843 Bad OldesloeE-Mail: info@inihaus.deInternet: www.inihaus.de Inhaltlich Verantwortlicher gem\u00e4\u00df \u00a7 55 Abs. 2 RStV: Initiative e.V. Haftungshinweis: Trotz sorgf\u00e4ltiger inhaltlicher Kontrolle \u00fcbernehmen wir keine Haftung f\u00fcr die Inhalte externer Links. F\u00fcr den Inhalt der verlinkten Seiten sind ausschlie\u00dflich deren Betreiber verantwortlich.<\/p>\n","protected":false},"author":1,"featured_media":0,"parent":0,"menu_order":0,"comment_status":"closed","ping_status":"closed","template":"","meta":{"footnotes":""},"class_list":["post-90","page","type-page","status-publish","hentry"],"blocksy_meta":{"styles_descriptor":{"styles":{"desktop":"","tablet":"","mobile":""},"google_fonts":[],"version":6}},"yoast_head":"<!-- This site is optimized with the Yoast SEO plugin v27.5 - https:\/\/yoast.com\/product\/yoast-seo-wordpress\/ -->\n<title>Impressum - Inihaus<\/title>\n<meta name=\"robots\" content=\"noindex, follow, max-snippet:-1, max-image-preview:large, max-video-preview:-1\" \/>\n<meta property=\"og:locale\" content=\"de_DE\" \/>\n<meta property=\"og:type\" content=\"article\" \/>\n<meta property=\"og:title\" content=\"Impressum - Inihaus\" \/>\n<meta property=\"og:description\" content=\"Initiative e. V. InihausTurmstra\u00dfe 14a23843 Bad OldesloeE-Mail: info@inihaus.deInternet: www.inihaus.de Inhaltlich Verantwortlicher gem\u00e4\u00df \u00a7 55 Abs. 2 RStV: Initiative e.V. Haftungshinweis: Trotz sorgf\u00e4ltiger inhaltlicher Kontrolle \u00fcbernehmen wir keine Haftung f\u00fcr die Inhalte externer Links. F\u00fcr den Inhalt der verlinkten Seiten sind ausschlie\u00dflich deren Betreiber verantwortlich.\" \/>\n<meta property=\"og:url\" content=\"https:\/\/inihaus.de\/index.php\/impressum\/\" \/>\n<meta property=\"og:site_name\" content=\"Inihaus\" \/>\n<meta property=\"article:publisher\" content=\"https:\/\/www.facebook.com\/inihausbadoldesloe\/\" \/>\n<meta property=\"article:modified_time\" content=\"2022-07-12T11:17:50+00:00\" \/>\n<meta name=\"twitter:card\" content=\"summary_large_image\" \/>\n<script type=\"application\/ld+json\" class=\"yoast-schema-graph\">{\"@context\":\"https:\\\/\\\/schema.org\",\"@graph\":[{\"@type\":\"WebPage\",\"@id\":\"https:\\\/\\\/inihaus.de\\\/index.php\\\/impressum\\\/\",\"url\":\"https:\\\/\\\/inihaus.de\\\/index.php\\\/impressum\\\/\",\"name\":\"Impressum - Inihaus\",\"isPartOf\":{\"@id\":\"https:\\\/\\\/inihaus.de\\\/#website\"},\"datePublished\":\"2021-02-27T07:14:33+00:00\",\"dateModified\":\"2022-07-12T11:17:50+00:00\",\"breadcrumb\":{\"@id\":\"https:\\\/\\\/inihaus.de\\\/index.php\\\/impressum\\\/#breadcrumb\"},\"inLanguage\":\"de\",\"potentialAction\":[{\"@type\":\"ReadAction\",\"target\":[\"https:\\\/\\\/inihaus.de\\\/index.php\\\/impressum\\\/\"]}]},{\"@type\":\"BreadcrumbList\",\"@id\":\"https:\\\/\\\/inihaus.de\\\/index.php\\\/impressum\\\/#breadcrumb\",\"itemListElement\":[{\"@type\":\"ListItem\",\"position\":1,\"name\":\"Startseite\",\"item\":\"https:\\\/\\\/inihaus.de\\\/\"},{\"@type\":\"ListItem\",\"position\":2,\"name\":\"Impressum\"}]},{\"@type\":\"WebSite\",\"@id\":\"https:\\\/\\\/inihaus.de\\\/#website\",\"url\":\"https:\\\/\\\/inihaus.de\\\/\",\"name\":\"Inihaus\",\"description\":\"Initiative e.V.\",\"publisher\":{\"@id\":\"https:\\\/\\\/inihaus.de\\\/#organization\"},\"potentialAction\":[{\"@type\":\"SearchAction\",\"target\":{\"@type\":\"EntryPoint\",\"urlTemplate\":\"https:\\\/\\\/inihaus.de\\\/?s={search_term_string}\"},\"query-input\":{\"@type\":\"PropertyValueSpecification\",\"valueRequired\":true,\"valueName\":\"search_term_string\"}}],\"inLanguage\":\"de\"},{\"@type\":\"Organization\",\"@id\":\"https:\\\/\\\/inihaus.de\\\/#organization\",\"name\":\"Inihaus\",\"url\":\"https:\\\/\\\/inihaus.de\\\/\",\"logo\":{\"@type\":\"ImageObject\",\"inLanguage\":\"de\",\"@id\":\"https:\\\/\\\/inihaus.de\\\/#\\\/schema\\\/logo\\\/image\\\/\",\"url\":\"https:\\/\\/inihaus.de\\/wp-content\\/uploads\\/2021\\/02\\/logo.png\",\"contentUrl\":\"https:\\/\\/inihaus.de\\/wp-content\\/uploads\\/2021\\/02\\/logo.png\",\"width\":388,\"height\":299,\"caption\":\"Inihaus\"},\"image\":{\"@id\":\"https:\\\/\\\/inihaus.de\\\/#\\\/schema\\\/logo\\\/image\\\/\"},\"sameAs\":[\"https:\\\/\\\/www.facebook.com\\\/inihausbadoldesloe\\\/\",\"https:\\\/\\\/www.instagram.com\\\/inihaus\\\/\"]}]}<\/script>\n<!-- \/ Yoast SEO plugin. -->","yoast_head_json":{"title":"Impressum - Inihaus","robots":{"index":"noindex","follow":"follow","max-snippet":"max-snippet:-1","max-image-preview":"max-image-preview:large","max-video-preview":"max-video-preview:-1"},"og_locale":"de_DE","og_type":"article","og_title":"Impressum - Inihaus","og_description":"Initiative e. V. InihausTurmstra\u00dfe 14a23843 Bad OldesloeE-Mail: info@inihaus.deInternet: www.inihaus.de Inhaltlich Verantwortlicher gem\u00e4\u00df \u00a7 55 Abs. 2 RStV: Initiative e.V. Haftungshinweis: Trotz sorgf\u00e4ltiger inhaltlicher Kontrolle \u00fcbernehmen wir keine Haftung f\u00fcr die Inhalte externer Links. F\u00fcr den Inhalt der verlinkten Seiten sind ausschlie\u00dflich deren Betreiber verantwortlich.","og_url":"https:\/\/inihaus.de\/index.php\/impressum\/","og_site_name":"Inihaus","article_publisher":"https:\/\/www.facebook.com\/inihausbadoldesloe\/","article_modified_time":"2022-07-12T11:17:50+00:00","twitter_card":"summary_large_image","schema":{"@context":"https:\/\/schema.org","@graph":[{"@type":"WebPage","@id":"https:\/\/inihaus.de\/index.php\/impressum\/","url":"https:\/\/inihaus.de\/index.php\/impressum\/","name":"Impressum - Inihaus","isPartOf":{"@id":"https:\/\/inihaus.de\/#website"},"datePublished":"2021-02-27T07:14:33+00:00","dateModified":"2022-07-12T11:17:50+00:00","breadcrumb":{"@id":"https:\/\/inihaus.de\/index.php\/impressum\/#breadcrumb"},"inLanguage":"de","potentialAction":[{"@type":"ReadAction","target":["https:\/\/inihaus.de\/index.php\/impressum\/"]}]},{"@type":"BreadcrumbList","@id":"https:\/\/inihaus.de\/index.php\/impressum\/#breadcrumb","itemListElement":[{"@type":"ListItem","position":1,"name":"Startseite","item":"https:\/\/inihaus.de\/"},{"@type":"ListItem","position":2,"name":"Impressum"}]},{"@type":"WebSite","@id":"https:\/\/inihaus.de\/#website","url":"https:\/\/inihaus.de\/","name":"Inihaus","description":"Initiative e.V.","publisher":{"@id":"https:\/\/inihaus.de\/#organization"},"potentialAction":[{"@type":"SearchAction","target":{"@type":"EntryPoint","urlTemplate":"https:\/\/inihaus.de\/?s={search_term_string}"},"query-input":{"@type":"PropertyValueSpecification","valueRequired":true,"valueName":"search_term_string"}}],"inLanguage":"de"},{"@type":"Organization","@id":"https:\/\/inihaus.de\/#organization","name":"Inihaus","url":"https:\/\/inihaus.de\/","logo":{"@type":"ImageObject","inLanguage":"de","@id":"https:\/\/inihaus.de\/#\/schema\/logo\/image\/","url":"https:\/\/mlhpplhdby2x.i.optimole.com\/w:auto\/h:auto\/q:mauto\/ig:avif\/https:\/\/inihaus.de\/wp-content\/uploads\/2021\/02\/logo.png","contentUrl":"https:\/\/mlhpplhdby2x.i.optimole.com\/w:auto\/h:auto\/q:mauto\/ig:avif\/https:\/\/inihaus.de\/wp-content\/uploads\/2021\/02\/logo.png","width":388,"height":299,"caption":"Inihaus"},"image":{"@id":"https:\/\/inihaus.de\/#\/schema\/logo\/image\/"},"sameAs":["https:\/\/www.facebook.com\/inihausbadoldesloe\/","https:\/\/www.instagram.com\/inihaus\/"]}]}},"_links":{"self":[{"href":"https:\/\/inihaus.de\/index.php\/wp-json\/wp\/v2\/pages\/90","targetHints":{"allow":["GET"]}}],"collection":[{"href":"https:\/\/inihaus.de\/index.php\/wp-json\/wp\/v2\/pages"}],"about":[{"href":"https:\/\/inihaus.de\/index.php\/wp-json\/wp\/v2\/types\/page"}],"author":[{"embeddable":true,"href":"https:\/\/inihaus.de\/index.php\/wp-json\/wp\/v2\/users\/1"}],"replies":[{"embeddable":true,"href":"https:\/\/inihaus.de\/index.php\/wp-json\/wp\/v2\/comments?post=90"}],"version-history":[{"count":9,"href":"https:\/\/inihaus.de\/index.php\/wp-json\/wp\/v2\/pages\/90\/revisions"}],"predecessor-version":[{"id":403,"href":"https:\/\/inihaus.de\/index.php\/wp-json\/wp\/v2\/pages\/90\/revisions\/403"}],"wp:attachment":[{"href":"https:\/\/inihaus.de\/index.php\/wp-json\/wp\/v2\/media?parent=90"}],"curies":[{"name":"wp","href":"https:\/\/api.w.org\/{rel}","templated":true}]}}