{"id":92,"date":"2021-02-27T07:14:48","date_gmt":"2021-02-27T07:14:48","guid":{"rendered":"https:\/\/inihaus.op3n.link\/?page_id=92"},"modified":"2021-03-04T11:35:35","modified_gmt":"2021-03-04T11:35:35","slug":"datensschutz","status":"publish","type":"page","link":"https:\/\/inihaus.de\/index.php\/datensschutz\/","title":{"rendered":"Datensschutz"},"content":{"rendered":"\n<p><strong>Datenschutz<\/strong><\/p>\n\n\n\n<p>Die Betreiber dieser Seiten nehmen den Schutz Ihrer pers\u00f6nlichen Daten sehr ernst. Wir behandeln Ihre personenbezogenen Daten vertraulich und entsprechend der gesetzlichen Datenschutzvorschriften sowie dieser Datenschutzerkl\u00e4rung.<\/p>\n\n\n\n<p>Die Nutzung unserer Webseite ist in der Regel ohne Angabe personenbezogener Daten m\u00f6glich. Soweit auf unseren Seiten personenbezogene Daten (beispielsweise Name, Anschrift oder E-Mail-Adressen) erhoben werden, erfolgt dies, soweit m\u00f6glich, stets auf freiwilliger Basis. Diese Daten werden ohne Ihre ausdr\u00fcckliche Zustimmung nicht an Dritte weitergegeben.<\/p>\n\n\n\n<p>Wir weisen darauf hin, dass die Daten\u00fcbertragung im Internet (z.B. bei der Kommunikation per E-Mail) Sicherheitsl\u00fccken aufweisen kann. Ein l\u00fcckenloser Schutz der Daten vor dem Zugriff durch Dritte ist nicht m\u00f6glich.<\/p>\n\n\n\n<p><strong>Server-Log-Files<\/strong><\/p>\n\n\n\n<p>Der Provider der Seiten erhebt und speichert automatisch Informationen in so genannten Server-Log Files, die Ihr Browser automatisch an uns \u00fcbermittelt. Dies sind:<\/p>\n\n\n\n<p>\u00b7 Browsertyp und Browserversion<br>\u00b7 verwendetes Betriebssystem<br>\u00b7 Referrer URL<br>\u00b7 Hostname des zugreifenden Rechners<br>\u00b7 Uhrzeit der Serveranfrage<\/p>\n\n\n\n<p>Diese Daten sind nicht bestimmten Personen zuordenbar. Eine Zusammenf\u00fchrung dieser Daten mit anderen Datenquellen wird nicht vorgenommen. Wir behalten uns vor, diese Daten nachtr\u00e4glich zu pr\u00fcfen, wenn uns konkrete Anhaltspunkte f\u00fcr eine rechtswidrige Nutzung bekannt werden.<\/p>\n\n\n\n<p><strong>Auskunft, L\u00f6schung, Sperrung<\/strong><\/p>\n\n\n\n<p>Sie haben jederzeit das Recht auf unentgeltliche Auskunft \u00fcber Ihre gespeicherten personenbezogenen Daten, deren Herkunft und Empf\u00e4nger und den Zweck der Datenverarbeitung sowie ein Recht auf Berichtigung, Sperrung oder L\u00f6schung dieser Daten. Hierzu sowie zu weiteren Fragen zum Thema personenbezogene Daten k\u00f6nnen Sie sich jederzeit unter der im Impressum angegebenen Adresse an uns wenden.<\/p>\n","protected":false},"excerpt":{"rendered":"<p>Datenschutz Die Betreiber dieser Seiten nehmen den Schutz Ihrer pers\u00f6nlichen Daten sehr ernst. Wir behandeln Ihre personenbezogenen Daten vertraulich und entsprechend der gesetzlichen Datenschutzvorschriften sowie dieser Datenschutzerkl\u00e4rung. Die Nutzung unserer Webseite ist in der Regel ohne Angabe personenbezogener Daten m\u00f6glich. Soweit auf unseren Seiten personenbezogene Daten (beispielsweise Name, Anschrift oder E-Mail-Adressen) erhoben werden, erfolgt dies, [&hellip;]<\/p>\n","protected":false},"author":1,"featured_media":0,"parent":0,"menu_order":0,"comment_status":"closed","ping_status":"closed","template":"","meta":{"footnotes":""},"class_list":["post-92","page","type-page","status-publish","hentry"],"blocksy_meta":{"styles_descriptor":{"styles":{"desktop":"","tablet":"","mobile":""},"google_fonts":[],"version":6}},"yoast_head":"<!-- This site is optimized with the Yoast SEO plugin v27.3 - https:\/\/yoast.com\/product\/yoast-seo-wordpress\/ -->\n<title>Datensschutz - Inihaus<\/title>\n<meta name=\"robots\" content=\"noindex, follow, max-snippet:-1, max-image-preview:large, max-video-preview:-1\" \/>\n<meta property=\"og:locale\" content=\"de_DE\" \/>\n<meta property=\"og:type\" content=\"article\" \/>\n<meta property=\"og:title\" content=\"Datensschutz - Inihaus\" \/>\n<meta property=\"og:description\" content=\"Datenschutz Die Betreiber dieser Seiten nehmen den Schutz Ihrer pers\u00f6nlichen Daten sehr ernst. Wir behandeln Ihre personenbezogenen Daten vertraulich und entsprechend der gesetzlichen Datenschutzvorschriften sowie dieser Datenschutzerkl\u00e4rung. Die Nutzung unserer Webseite ist in der Regel ohne Angabe personenbezogener Daten m\u00f6glich. Soweit auf unseren Seiten personenbezogene Daten (beispielsweise Name, Anschrift oder E-Mail-Adressen) erhoben werden, erfolgt dies, [&hellip;]\" \/>\n<meta property=\"og:url\" content=\"https:\/\/inihaus.de\/index.php\/datensschutz\/\" \/>\n<meta property=\"og:site_name\" content=\"Inihaus\" \/>\n<meta property=\"article:publisher\" content=\"https:\/\/www.facebook.com\/inihausbadoldesloe\/\" \/>\n<meta property=\"article:modified_time\" content=\"2021-03-04T11:35:35+00:00\" \/>\n<meta name=\"twitter:card\" content=\"summary_large_image\" \/>\n<meta name=\"twitter:label1\" content=\"Gesch\u00e4tzte Lesezeit\" \/>\n\t<meta name=\"twitter:data1\" content=\"1\u00a0Minute\" \/>\n<script type=\"application\/ld+json\" class=\"yoast-schema-graph\">{\"@context\":\"https:\\\/\\\/schema.org\",\"@graph\":[{\"@type\":\"WebPage\",\"@id\":\"https:\\\/\\\/inihaus.de\\\/index.php\\\/datensschutz\\\/\",\"url\":\"https:\\\/\\\/inihaus.de\\\/index.php\\\/datensschutz\\\/\",\"name\":\"Datensschutz - Inihaus\",\"isPartOf\":{\"@id\":\"https:\\\/\\\/inihaus.de\\\/#website\"},\"datePublished\":\"2021-02-27T07:14:48+00:00\",\"dateModified\":\"2021-03-04T11:35:35+00:00\",\"breadcrumb\":{\"@id\":\"https:\\\/\\\/inihaus.de\\\/index.php\\\/datensschutz\\\/#breadcrumb\"},\"inLanguage\":\"de\",\"potentialAction\":[{\"@type\":\"ReadAction\",\"target\":[\"https:\\\/\\\/inihaus.de\\\/index.php\\\/datensschutz\\\/\"]}]},{\"@type\":\"BreadcrumbList\",\"@id\":\"https:\\\/\\\/inihaus.de\\\/index.php\\\/datensschutz\\\/#breadcrumb\",\"itemListElement\":[{\"@type\":\"ListItem\",\"position\":1,\"name\":\"Startseite\",\"item\":\"https:\\\/\\\/inihaus.de\\\/\"},{\"@type\":\"ListItem\",\"position\":2,\"name\":\"Datensschutz\"}]},{\"@type\":\"WebSite\",\"@id\":\"https:\\\/\\\/inihaus.de\\\/#website\",\"url\":\"https:\\\/\\\/inihaus.de\\\/\",\"name\":\"Inihaus\",\"description\":\"Initiative e.V.\",\"publisher\":{\"@id\":\"https:\\\/\\\/inihaus.de\\\/#organization\"},\"potentialAction\":[{\"@type\":\"SearchAction\",\"target\":{\"@type\":\"EntryPoint\",\"urlTemplate\":\"https:\\\/\\\/inihaus.de\\\/?s={search_term_string}\"},\"query-input\":{\"@type\":\"PropertyValueSpecification\",\"valueRequired\":true,\"valueName\":\"search_term_string\"}}],\"inLanguage\":\"de\"},{\"@type\":\"Organization\",\"@id\":\"https:\\\/\\\/inihaus.de\\\/#organization\",\"name\":\"Inihaus\",\"url\":\"https:\\\/\\\/inihaus.de\\\/\",\"logo\":{\"@type\":\"ImageObject\",\"inLanguage\":\"de\",\"@id\":\"https:\\\/\\\/inihaus.de\\\/#\\\/schema\\\/logo\\\/image\\\/\",\"url\":\"https:\\/\\/inihaus.de\\/wp-content\\/uploads\\/2021\\/02\\/logo.png\",\"contentUrl\":\"https:\\/\\/inihaus.de\\/wp-content\\/uploads\\/2021\\/02\\/logo.png\",\"width\":388,\"height\":299,\"caption\":\"Inihaus\"},\"image\":{\"@id\":\"https:\\\/\\\/inihaus.de\\\/#\\\/schema\\\/logo\\\/image\\\/\"},\"sameAs\":[\"https:\\\/\\\/www.facebook.com\\\/inihausbadoldesloe\\\/\",\"https:\\\/\\\/www.instagram.com\\\/inihaus\\\/\"]}]}<\/script>\n<!-- \/ Yoast SEO plugin. -->","yoast_head_json":{"title":"Datensschutz - Inihaus","robots":{"index":"noindex","follow":"follow","max-snippet":"max-snippet:-1","max-image-preview":"max-image-preview:large","max-video-preview":"max-video-preview:-1"},"og_locale":"de_DE","og_type":"article","og_title":"Datensschutz - Inihaus","og_description":"Datenschutz Die Betreiber dieser Seiten nehmen den Schutz Ihrer pers\u00f6nlichen Daten sehr ernst. Wir behandeln Ihre personenbezogenen Daten vertraulich und entsprechend der gesetzlichen Datenschutzvorschriften sowie dieser Datenschutzerkl\u00e4rung. Die Nutzung unserer Webseite ist in der Regel ohne Angabe personenbezogener Daten m\u00f6glich. Soweit auf unseren Seiten personenbezogene Daten (beispielsweise Name, Anschrift oder E-Mail-Adressen) erhoben werden, erfolgt dies, [&hellip;]","og_url":"https:\/\/inihaus.de\/index.php\/datensschutz\/","og_site_name":"Inihaus","article_publisher":"https:\/\/www.facebook.com\/inihausbadoldesloe\/","article_modified_time":"2021-03-04T11:35:35+00:00","twitter_card":"summary_large_image","twitter_misc":{"Gesch\u00e4tzte Lesezeit":"1\u00a0Minute"},"schema":{"@context":"https:\/\/schema.org","@graph":[{"@type":"WebPage","@id":"https:\/\/inihaus.de\/index.php\/datensschutz\/","url":"https:\/\/inihaus.de\/index.php\/datensschutz\/","name":"Datensschutz - Inihaus","isPartOf":{"@id":"https:\/\/inihaus.de\/#website"},"datePublished":"2021-02-27T07:14:48+00:00","dateModified":"2021-03-04T11:35:35+00:00","breadcrumb":{"@id":"https:\/\/inihaus.de\/index.php\/datensschutz\/#breadcrumb"},"inLanguage":"de","potentialAction":[{"@type":"ReadAction","target":["https:\/\/inihaus.de\/index.php\/datensschutz\/"]}]},{"@type":"BreadcrumbList","@id":"https:\/\/inihaus.de\/index.php\/datensschutz\/#breadcrumb","itemListElement":[{"@type":"ListItem","position":1,"name":"Startseite","item":"https:\/\/inihaus.de\/"},{"@type":"ListItem","position":2,"name":"Datensschutz"}]},{"@type":"WebSite","@id":"https:\/\/inihaus.de\/#website","url":"https:\/\/inihaus.de\/","name":"Inihaus","description":"Initiative e.V.","publisher":{"@id":"https:\/\/inihaus.de\/#organization"},"potentialAction":[{"@type":"SearchAction","target":{"@type":"EntryPoint","urlTemplate":"https:\/\/inihaus.de\/?s={search_term_string}"},"query-input":{"@type":"PropertyValueSpecification","valueRequired":true,"valueName":"search_term_string"}}],"inLanguage":"de"},{"@type":"Organization","@id":"https:\/\/inihaus.de\/#organization","name":"Inihaus","url":"https:\/\/inihaus.de\/","logo":{"@type":"ImageObject","inLanguage":"de","@id":"https:\/\/inihaus.de\/#\/schema\/logo\/image\/","url":"https:\/\/mlhpplhdby2x.i.optimole.com\/w:auto\/h:auto\/q:mauto\/ig:avif\/https:\/\/inihaus.de\/wp-content\/uploads\/2021\/02\/logo.png","contentUrl":"https:\/\/mlhpplhdby2x.i.optimole.com\/w:auto\/h:auto\/q:mauto\/ig:avif\/https:\/\/inihaus.de\/wp-content\/uploads\/2021\/02\/logo.png","width":388,"height":299,"caption":"Inihaus"},"image":{"@id":"https:\/\/inihaus.de\/#\/schema\/logo\/image\/"},"sameAs":["https:\/\/www.facebook.com\/inihausbadoldesloe\/","https:\/\/www.instagram.com\/inihaus\/"]}]}},"_links":{"self":[{"href":"https:\/\/inihaus.de\/index.php\/wp-json\/wp\/v2\/pages\/92","targetHints":{"allow":["GET"]}}],"collection":[{"href":"https:\/\/inihaus.de\/index.php\/wp-json\/wp\/v2\/pages"}],"about":[{"href":"https:\/\/inihaus.de\/index.php\/wp-json\/wp\/v2\/types\/page"}],"author":[{"embeddable":true,"href":"https:\/\/inihaus.de\/index.php\/wp-json\/wp\/v2\/users\/1"}],"replies":[{"embeddable":true,"href":"https:\/\/inihaus.de\/index.php\/wp-json\/wp\/v2\/comments?post=92"}],"version-history":[{"count":2,"href":"https:\/\/inihaus.de\/index.php\/wp-json\/wp\/v2\/pages\/92\/revisions"}],"predecessor-version":[{"id":222,"href":"https:\/\/inihaus.de\/index.php\/wp-json\/wp\/v2\/pages\/92\/revisions\/222"}],"wp:attachment":[{"href":"https:\/\/inihaus.de\/index.php\/wp-json\/wp\/v2\/media?parent=92"}],"curies":[{"name":"wp","href":"https:\/\/api.w.org\/{rel}","templated":true}]}}